{"id":2460,"date":"2024-10-16T22:00:55","date_gmt":"2024-10-16T22:00:55","guid":{"rendered":"https:\/\/epio.org.ar\/endio-epio-2024\/?page_id=2460"},"modified":"2024-11-08T19:31:26","modified_gmt":"2024-11-08T19:31:26","slug":"sala-sesion-de-trabajos-de-ensenanza-de-estadistica-o-de-investigacion-operativa","status":"publish","type":"page","link":"https:\/\/epio.org.ar\/endio-epio-2024\/sala-sesion-de-trabajos-de-ensenanza-de-estadistica-o-de-investigacion-operativa\/","title":{"rendered":"Sala &#8211; Sesi\u00f3n de\u00a0Trabajos de Ense\u00f1anza de Estad\u00edstica o de Investigaci\u00f3n Operativa"},"content":{"rendered":"\t\t<div data-elementor-type=\"wp-page\" data-elementor-id=\"2460\" class=\"elementor elementor-2460\">\n\t\t\t\t<div class=\"elementor-element elementor-element-f77b2af e-flex e-con-boxed e-con e-parent\" data-id=\"f77b2af\" data-element_type=\"container\">\n\t\t\t\t\t<div class=\"e-con-inner\">\n\t\t\t\t<div class=\"elementor-element elementor-element-2d22f8c9 elementor-widget elementor-widget-text-editor\" data-id=\"2d22f8c9\" data-element_type=\"widget\" data-widget_type=\"text-editor.default\">\n\t\t\t\t<div class=\"elementor-widget-container\">\n\t\t\t\t\t\t\t<h3><span style=\"color: #333399;\">Sesi\u00f3n de Trabajos de Ense\u00f1anza de Estad\u00edstica o de Investigaci\u00f3n Operativa II<\/span><\/h3>\t\t\t\t\t\t<\/div>\n\t\t\t\t<\/div>\n\t\t\t\t<div class=\"elementor-element elementor-element-2e75741a elementor-widget elementor-widget-text-editor\" data-id=\"2e75741a\" data-element_type=\"widget\" data-widget_type=\"text-editor.default\">\n\t\t\t\t<div class=\"elementor-widget-container\">\n\t\t\t\t\t\t\t<h5><span style=\"color: #333399;\">Sala Virtual Viernes 09:00 a 10:00 hs.<\/span><\/h5>\t\t\t\t\t\t<\/div>\n\t\t\t\t<\/div>\n\t\t\t\t<div class=\"elementor-element elementor-element-136f0bd8 elementor-widget elementor-widget-text-editor\" data-id=\"136f0bd8\" data-element_type=\"widget\" data-widget_type=\"text-editor.default\">\n\t\t\t\t<div class=\"elementor-widget-container\">\n\t\t\t\t\t\t\t<div style=\"overflow-x: auto;\"><table width=\"1442\"><tbody><tr><td width=\"77\">Trabajo<\/td><td width=\"332\">T\u00edtulo<\/td><td width=\"305\">Autores<\/td><td width=\"728\">Resumen<\/td><\/tr><tr><td>24<\/td><td width=\"332\">Planificar y ense\u00f1ar por competencias<\/td><td width=\"305\">Claudia E. Carignano (UNC) y Silvina Rustan (UTN)<\/td><td width=\"728\">Este trabajo describe la implementaci\u00f3n de un enfoque pedag\u00f3gico h\u00edbrido que conjuga el aprendizaje aut\u00f3nomo y colaborativo, para responder a las demandas del nuevo plan de estudios, basado en competencias, de la carrera Ingenier\u00eda en Sistemas de Informaci\u00f3n de la Universidad Tecnol\u00f3gica Nacional. El dise\u00f1o curricular propuesto busca desarrollar competencias clave en los estudiantes, a trav\u00e9s de un proceso que alterna momentos de estudio individual, facilitados por herramientas tecnol\u00f3gicas, con actividades grupales orientadas a la resoluci\u00f3n de problemas y al intercambio de ideas. Esta metodolog\u00eda promueve un aprendizaje activo, flexible y significativo, contribuyendo a mejorar el desempe\u00f1o acad\u00e9mico y el desarrollo integral de los estudiantes.<\/td><\/tr><tr><td>28<\/td><td width=\"332\">Transformaci\u00f3n metodol\u00f3gica en el an\u00e1lisis de sensibilidad en modelos matem\u00e1ticos: De la resoluci\u00f3n mec\u00e1nica a la presentaci\u00f3n gr\u00e1fica<\/td><td width=\"305\">Carlos Navarro Pierre, Aldana Lescano Maier, Jonathan Levy y Silvia A. Ramos (UBA)<\/td><td width=\"728\">Este trabajo muestra la transformaci\u00f3n en la metodolog\u00eda de trabajo en uno de los temas del curso Modelos y Optimizaci\u00f3n I en la Facultad de Ingenier\u00eda de la Universidad de Buenos Aires. Tras la pandemia, se pas\u00f3 de una metodolog\u00eda que inclu\u00eda mucho c\u00e1lculo a una de presentaci\u00f3n gr\u00e1fica usando DOCPLEX y pyplot. Este cambio se centr\u00f3 en el an\u00e1lisis post-optimal, mejorando significativamente la comprensi\u00f3n y la toma de decisiones. Ahora los y las estudiantes trabajan con datos procesados y gr\u00e1ficos autom\u00e1ticos, optimizando el tiempo de an\u00e1lisis y reforzando habilidades cr\u00edticas y digitales. Adem\u00e1s, esta nueva metodolog\u00eda fomenta un pensamiento m\u00e1s anal\u00edtico y menos mec\u00e1nico, en l\u00ednea con las necesidades de los futuros profesionales.<\/td><\/tr><tr><td>45<\/td><td width=\"332\">Propuestas para promover el aprendizaje colaborativo. Estrategias y acciones en la educaci\u00f3n universitaria<\/td><td width=\"305\">Mar\u00eda Paula Funes y Jos\u00e9 Francisco Zanazzi (UNC)<\/td><td width=\"728\">Las personas tienen diferentes estilos de aprendizaje y de habilidades para incorporar el conocimiento. M\u00e1s all\u00e1 de estas diferencias, los individuos realizan una cierta cantidad de operaciones mentales comunes: ordenan, definen, clasifican, comparan, entre otras tantas. Este trabajo analiza estrategias para la potenciaci\u00f3n del aprendizaje desde una perspectiva grupal y colaborativa y en relaci\u00f3n a una actividad pr\u00e1ctica real. El documento fundamenta la propuesta, desarrolla ejemplos con estudiantes universitarios, identifica limitaciones y resume los hallazgos.<\/td><\/tr><\/tbody><\/table><\/div>\t\t\t\t\t\t<\/div>\n\t\t\t\t<\/div>\n\t\t\t\t\t<\/div>\n\t\t\t\t<\/div>\n\t\t<div class=\"elementor-element elementor-element-23c18554 e-flex e-con-boxed e-con e-parent\" data-id=\"23c18554\" data-element_type=\"container\">\n\t\t\t\t\t<div class=\"e-con-inner\">\n\t\t\t\t<div class=\"elementor-element elementor-element-5445ffc9 elementor-widget elementor-widget-spacer\" data-id=\"5445ffc9\" data-element_type=\"widget\" data-widget_type=\"spacer.default\">\n\t\t\t\t<div class=\"elementor-widget-container\">\n\t\t\t\t\t<div class=\"elementor-spacer\">\n\t\t\t<div class=\"elementor-spacer-inner\"><\/div>\n\t\t<\/div>\n\t\t\t\t<\/div>\n\t\t\t\t<\/div>\n\t\t\t\t\t<\/div>\n\t\t\t\t<\/div>\n\t\t\t\t<\/div>\n\t\t","protected":false},"excerpt":{"rendered":"<p>Sesi\u00f3n de Trabajos de Ense\u00f1anza de Estad\u00edstica o de Investigaci\u00f3n Operativa II Sala Virtual Viernes 09:00 a 10:00 hs. Trabajo T\u00edtulo Autores Resumen 24 Planificar y ense\u00f1ar por competencias Claudia E. Carignano (UNC) y Silvina Rustan (UTN) Este trabajo describe la implementaci\u00f3n de un enfoque pedag\u00f3gico h\u00edbrido que conjuga el aprendizaje aut\u00f3nomo y colaborativo, para [&hellip;]<\/p>\n","protected":false},"author":2,"featured_media":0,"parent":0,"menu_order":0,"comment_status":"closed","ping_status":"closed","template":"","meta":{"footnotes":""},"class_list":["post-2460","page","type-page","status-publish","hentry"],"blocksy_meta":[],"_links":{"self":[{"href":"https:\/\/epio.org.ar\/endio-epio-2024\/wp-json\/wp\/v2\/pages\/2460","targetHints":{"allow":["GET"]}}],"collection":[{"href":"https:\/\/epio.org.ar\/endio-epio-2024\/wp-json\/wp\/v2\/pages"}],"about":[{"href":"https:\/\/epio.org.ar\/endio-epio-2024\/wp-json\/wp\/v2\/types\/page"}],"author":[{"embeddable":true,"href":"https:\/\/epio.org.ar\/endio-epio-2024\/wp-json\/wp\/v2\/users\/2"}],"replies":[{"embeddable":true,"href":"https:\/\/epio.org.ar\/endio-epio-2024\/wp-json\/wp\/v2\/comments?post=2460"}],"version-history":[{"count":42,"href":"https:\/\/epio.org.ar\/endio-epio-2024\/wp-json\/wp\/v2\/pages\/2460\/revisions"}],"predecessor-version":[{"id":3343,"href":"https:\/\/epio.org.ar\/endio-epio-2024\/wp-json\/wp\/v2\/pages\/2460\/revisions\/3343"}],"wp:attachment":[{"href":"https:\/\/epio.org.ar\/endio-epio-2024\/wp-json\/wp\/v2\/media?parent=2460"}],"curies":[{"name":"wp","href":"https:\/\/api.w.org\/{rel}","templated":true}]}}